{"id":88,"date":"2021-02-28T11:09:36","date_gmt":"2021-02-28T10:09:36","guid":{"rendered":"http:\/\/int-multifritid.sandsdalen.net\/?page_id=88"},"modified":"2021-05-10T14:03:09","modified_gmt":"2021-05-10T12:03:09","slug":"solfanger-referanser-solarventi-sv-14-fra-kjeller-til-tommerhytte-pa-4dager","status":"publish","type":"page","link":"https:\/\/www.multifritid.no\/index.php\/solarventi-luftsolfangere\/fritids-og-bolighus\/solfanger-referanser-solarventi-sv-14-fra-kjeller-til-tommerhytte-pa-4dager\/","title":{"rendered":"SolarVenti SV-14; Fra kjeller til t\u00f8mmerhytte p\u00e5 4 dager."},"content":{"rendered":"\n<p><strong>Dette er tilbakemelding fra en forn\u00f8yd kunde.<\/strong><\/p>\n\n\n\n<p>Hyttedr\u00f8mmen ble realisert p\u00e5sken 2018. Alt klaffet og jeg fikk tilslag p\u00e5 en Sj\u00f8vegan t\u00f8mmerhytte, uten vann og str\u00f8m fra 1968. Allerede p\u00e5 f\u00f8rste bes\u00f8k etter overtagelse merket jeg at hytten var potte tett og at inneluften var fuktig og r\u00e5.<br>Senget\u00f8y, gardiner, m\u00f8bler og i det hele tatt alt som kan trekke fukt var nettopp det, fuktig og r\u00e5. Fyringsprossen var langsom og det tok urimelig lang tid og f\u00e5 temperaturen opp p\u00e5 et levelig niv\u00e5 og t\u00f8rka ut hytta.<br><br>Noe m\u00e5tte gj\u00f8res, inneklima er alfa og omega, s\u00e5 jeg startet en lang prosess med \u00e5 vurdere alternativ for utbedring. Mange timer ble brukt p\u00e5&nbsp;vurdering av diverse l\u00f8sninger for et bedre inneklima. Alt fra ovnsvifter til sol- vifter og fangere, avfuktere i alskens slag og en h\u00e5ndfull av kj\u00e6rringr\u00e5d.<br><br>Valget falt tilslutt p\u00e5 en solfanger, men hvilken skulle man velge? Kom etterhvert over Dansk-produserte Solarventi p\u00e5 et brukerforum, ingenting negativt nevnt, relativt rimelig investering og ikke minst gode erfaringer fra de som har denne. I tillegg har Solarventi, i motsetning til sine konkurrenter, en mengde med vitenskapelige data\/resultater \u00e5 vise til og ikke minst en lokal leverand\u00f8r i Multi-Fritid.<br><br>Gikk tilslutt for en SV-14, riktignok overskalert for ei hytte p\u00e5 30m2, men vi er i nordnorge og ingen har noensinne klaget over for mye t\u00f8rr og gratis oppvarmet luft i ei hytte. Monteringen utf\u00f8rte jeg alene og det gikk som en lek med et 133mm hullbor, alt var p\u00e5 plass etter et par timer. Solfangeren plassert p\u00e5 s\u00f8r\u00f8stlig-, en avtrekksventil i motsatt -hj\u00f8rne og regulartoren over vinduskarmen, godt skjult bak gardinene.<br><br>N\u00e5 var det bare vente for \u00e5 se effekten, i teorien skulle n\u00e5 varm og avfuktet luft bli bl\u00e5st inn, skape overtrykk og presse fuktig, kald og ekkel luft ut p\u00e5 motsatt hj\u00f8rne, med andre ord sirkulere og avfukte luften i hele bygningen.<br><br>Tilbake i hytta etter seks dager for \u00e5 sjekke resultatet, det hadde snedd hele uka og gradestokken viste 1-6 grader de siste dagene, langt fra ideelt v\u00e6r for solfangere s\u00e5 forventningene var veldig lave. Men himmel og hav for en forskjell, 12 grader t\u00f8rr og deilig inneluft med en frisk lukt av t\u00f8mmerhytte og ikke kjeller.<br>Senget\u00f8y, m\u00f8bler og ikke en gang fillerya ved inngangen hadde spor av kondens eller fukt. Fyringa var gjort p\u00e5 et blunk og jeg sverger p\u00e5 at jeg brukte betydelig mindre ved p\u00e5 \u00e5 f\u00e5 tempen opp til 20ish grader, tror tom trekken i pipa var blitt bedre ogs\u00e5 (overtrykk). Ganske enkelt et utrolig resultat p\u00e5 s\u00e5 kort tid, spesielt med tanke p\u00e5 v\u00e6rforholdene.<br><br>To dager senere kom solen frem og igjen ble jeg nyskjerrig p\u00e5 tingenes tilstand i hytta. Fem grader og sol burde gi god effekt tenkte jeg, prioriterte selv en fjelltur, men sendte modern p\u00e5 befaring, og i det jeg n\u00e5r toppen jeg hadde tatt sikte p\u00e5, tikker det inn ei melding fra sistnevnte, hele 20 grader inne i hytta, 6 grader i sola ute, fyring trengte hun ikke tenke p\u00e5. \ud83d\ude42<br><br>Oppdrag utf\u00f8rt, og hvis modern er forn\u00f8yd s\u00e5 er det fan meg bra \ud83d\ude00<br><br>Hilsen &laquo;kunne ikke v\u00e6rt mer knallforn\u00f8yd&raquo; SV-14 eier<br>G. Frantzen<\/p>\n","protected":false},"excerpt":{"rendered":"<p>Dette er tilbakemelding fra en forn\u00f8yd kunde. Hyttedr\u00f8mmen ble realisert p\u00e5sken 2018. Alt klaffet og jeg fikk tilslag p\u00e5 en Sj\u00f8vegan t\u00f8mmerhytte, uten vann og str\u00f8m fra 1968. Allerede p\u00e5 f\u00f8rste bes\u00f8k etter overtagelse merket jeg at hytten var potte tett og at inneluften var fuktig og r\u00e5.Senget\u00f8y, gardiner, m\u00f8bler og i det hele tatt&hellip; <a class=\"more-link\" href=\"https:\/\/www.multifritid.no\/index.php\/solarventi-luftsolfangere\/fritids-og-bolighus\/solfanger-referanser-solarventi-sv-14-fra-kjeller-til-tommerhytte-pa-4dager\/\">Fortsett \u00e5 lese <span class=\"screen-reader-text\">SolarVenti SV-14; Fra kjeller til t\u00f8mmerhytte p\u00e5 4 dager.<\/span><\/a><\/p>\n","protected":false},"author":1,"featured_media":85,"parent":157,"menu_order":0,"comment_status":"closed","ping_status":"closed","template":"","meta":{"footnotes":""},"categories":[5],"tags":[4],"class_list":["post-88","page","type-page","status-publish","has-post-thumbnail","hentry","category-tilbakemelding","tag-tilbakemelding","entry"],"_links":{"self":[{"href":"https:\/\/www.multifritid.no\/index.php\/wp-json\/wp\/v2\/pages\/88","targetHints":{"allow":["GET"]}}],"collection":[{"href":"https:\/\/www.multifritid.no\/index.php\/wp-json\/wp\/v2\/pages"}],"about":[{"href":"https:\/\/www.multifritid.no\/index.php\/wp-json\/wp\/v2\/types\/page"}],"author":[{"embeddable":true,"href":"https:\/\/www.multifritid.no\/index.php\/wp-json\/wp\/v2\/users\/1"}],"replies":[{"embeddable":true,"href":"https:\/\/www.multifritid.no\/index.php\/wp-json\/wp\/v2\/comments?post=88"}],"version-history":[{"count":6,"href":"https:\/\/www.multifritid.no\/index.php\/wp-json\/wp\/v2\/pages\/88\/revisions"}],"predecessor-version":[{"id":116,"href":"https:\/\/www.multifritid.no\/index.php\/wp-json\/wp\/v2\/pages\/88\/revisions\/116"}],"up":[{"embeddable":true,"href":"https:\/\/www.multifritid.no\/index.php\/wp-json\/wp\/v2\/pages\/157"}],"wp:featuredmedia":[{"embeddable":true,"href":"https:\/\/www.multifritid.no\/index.php\/wp-json\/wp\/v2\/media\/85"}],"wp:attachment":[{"href":"https:\/\/www.multifritid.no\/index.php\/wp-json\/wp\/v2\/media?parent=88"}],"wp:term":[{"taxonomy":"category","embeddable":true,"href":"https:\/\/www.multifritid.no\/index.php\/wp-json\/wp\/v2\/categories?post=88"},{"taxonomy":"post_tag","embeddable":true,"href":"https:\/\/www.multifritid.no\/index.php\/wp-json\/wp\/v2\/tags?post=88"}],"curies":[{"name":"wp","href":"https:\/\/api.w.org\/{rel}","templated":true}]}}