{"id":157,"date":"2021-02-28T18:06:37","date_gmt":"2021-02-28T17:06:37","guid":{"rendered":"http:\/\/int-multifritid.sandsdalen.net\/?page_id=157"},"modified":"2021-03-10T14:45:26","modified_gmt":"2021-03-10T13:45:26","slug":"fritids-og-bolighus","status":"publish","type":"page","link":"https:\/\/www.multifritid.no\/index.php\/solarventi-luftsolfangere\/fritids-og-bolighus\/","title":{"rendered":"Fritids og bolighus"},"content":{"rendered":"\n<figure class=\"wp-block-image size-large\"><img loading=\"lazy\" decoding=\"async\" width=\"719\" height=\"724\" src=\"http:\/\/int-multifritid.sandsdalen.net\/wp-content\/uploads\/2021\/03\/solarventi-2.jpg\" alt=\"\" class=\"wp-image-199\" srcset=\"https:\/\/www.multifritid.no\/wp-content\/uploads\/2021\/03\/solarventi-2.jpg 719w, https:\/\/www.multifritid.no\/wp-content\/uploads\/2021\/03\/solarventi-2-298x300.jpg 298w, https:\/\/www.multifritid.no\/wp-content\/uploads\/2021\/03\/solarventi-2-150x150.jpg 150w\" sizes=\"auto, (max-width: 719px) 100vw, 719px\" \/><figcaption>SolarVenti SV14 p\u00e5 t\u00f8mmerhytte<\/figcaption><\/figure>\n\n\n\n<p>Gratis ventilasjon med varm, t\u00f8rr luft s\u00e5 snart sola stikker nesen frem. Med SolarVenti sin luftsolfanger blir bolig- eller fritidshuset behagelig \u00e5 oppholde seg i samt herlig og komme til n\u00e5r sol-sesongen starter.<\/p>\n\n\n\n<p>Uten drifts- eller milj\u00f8omkostninger.<\/p>\n\n\n\n<p>SolarVenti sin luftsolfangers konstruksjon, som det er tatt patent p\u00e5, kan l\u00f8se bolig- eller fritidshusets st\u00f8rre eller mindre inneklimaproblemer samt gi besparelser p\u00e5 varmebudsjettet.<\/p>\n\n\n\n<p>SolarVenti sin luftsolfanger er utelukkende drevet av solen \u2013 den kj\u00f8rer uten \u00e5 belaste brukerens lommebok og leverer samtidig et positivt tilskudd til klodens C0<sub>2<\/sub>\u00a0regnskap.<\/p>\n\n\n\n<figure class=\"wp-block-table is-style-stripes\"><table><tbody><tr><td><img loading=\"lazy\" decoding=\"async\" width=\"162\" height=\"91\" class=\"wp-image-85\" style=\"width: 162px;\" src=\"https:\/\/www.multifritid.no\/wp-content\/uploads\/2021\/02\/solarventi-ppa-sjoveganhytte.jpeg\" alt=\"\" srcset=\"https:\/\/www.multifritid.no\/wp-content\/uploads\/2021\/02\/solarventi-ppa-sjoveganhytte.jpeg 1000w, https:\/\/www.multifritid.no\/wp-content\/uploads\/2021\/02\/solarventi-ppa-sjoveganhytte-300x169.jpeg 300w, https:\/\/www.multifritid.no\/wp-content\/uploads\/2021\/02\/solarventi-ppa-sjoveganhytte-768x432.jpeg 768w\" sizes=\"auto, (max-width: 162px) 100vw, 162px\" \/><\/td><td class=\"has-text-align-center\" data-align=\"center\"><a href=\"https:\/\/www.multifritid.no\/index.php\/solarventi-luftsolfangere\/solfanger-referanser-solarventi-sv-14-fra-kjeller-til-tommerhytte-pa-4dager\/\" data-type=\"page\" data-id=\"88\">Fra kjeller til t\u00f8mmerhytte p\u00e5 4 dager<\/a><br>&#8211; Forn\u00f8yd kunde &#8211;<\/td><\/tr><\/tbody><\/table><\/figure>\n\n\n\n<p>S\u00e5 snart sola skinner bare bittelitt, vil luftsolfangeren, som ikke har  behov for vedlikehold, sende inn gratis, varm og t\u00f8rr luft i bygningen. Hermed presses ogs\u00e5 fuktig luft ut. En SV30 luftsolfanger bl\u00e5ser inn 100 \u2013 150 m<sup>3<\/sup>\u00a0luft i timen, n\u00e5r solen skinner.<\/p>\n\n\n\n<figure class=\"wp-block-image size-large\"><img loading=\"lazy\" decoding=\"async\" width=\"576\" height=\"1024\" src=\"http:\/\/int-multifritid.sandsdalen.net\/wp-content\/uploads\/2021\/03\/solarventi-andoya-576x1024.jpg\" alt=\"Str\u00e5lende forn\u00f8yd kunde p\u00e5 And\u00f8ya\" class=\"wp-image-205\" srcset=\"https:\/\/www.multifritid.no\/wp-content\/uploads\/2021\/03\/solarventi-andoya-576x1024.jpg 576w, https:\/\/www.multifritid.no\/wp-content\/uploads\/2021\/03\/solarventi-andoya-169x300.jpg 169w, https:\/\/www.multifritid.no\/wp-content\/uploads\/2021\/03\/solarventi-andoya.jpg 720w\" sizes=\"auto, (max-width: 576px) 100vw, 576px\" \/><figcaption>Kunden sier p\u00e5 v\u00e5r Facebook-side:\n\n&laquo;SolarVentien SV30 (solfanger) ferdig montert p\u00e5 v\u00e5r hytte (under bygging!) p\u00e5 And\u00f8ya. Den startet ved f\u00f8rste solgl\u00f8tt og fungerer flott!&raquo;<\/figcaption><\/figure>\n","protected":false},"excerpt":{"rendered":"<p>Gratis ventilasjon med varm, t\u00f8rr luft s\u00e5 snart sola stikker nesen frem. Med SolarVenti sin luftsolfanger blir bolig- eller fritidshuset behagelig \u00e5 oppholde seg i samt herlig og komme til n\u00e5r sol-sesongen starter. Uten drifts- eller milj\u00f8omkostninger. SolarVenti sin luftsolfangers konstruksjon, som det er tatt patent p\u00e5, kan l\u00f8se bolig- eller fritidshusets st\u00f8rre eller mindre&hellip; <a class=\"more-link\" href=\"https:\/\/www.multifritid.no\/index.php\/solarventi-luftsolfangere\/fritids-og-bolighus\/\">Fortsett \u00e5 lese <span class=\"screen-reader-text\">Fritids og bolighus<\/span><\/a><\/p>\n","protected":false},"author":1,"featured_media":0,"parent":28,"menu_order":0,"comment_status":"closed","ping_status":"closed","template":"","meta":{"footnotes":""},"categories":[],"tags":[],"class_list":["post-157","page","type-page","status-publish","hentry","entry"],"_links":{"self":[{"href":"https:\/\/www.multifritid.no\/index.php\/wp-json\/wp\/v2\/pages\/157","targetHints":{"allow":["GET"]}}],"collection":[{"href":"https:\/\/www.multifritid.no\/index.php\/wp-json\/wp\/v2\/pages"}],"about":[{"href":"https:\/\/www.multifritid.no\/index.php\/wp-json\/wp\/v2\/types\/page"}],"author":[{"embeddable":true,"href":"https:\/\/www.multifritid.no\/index.php\/wp-json\/wp\/v2\/users\/1"}],"replies":[{"embeddable":true,"href":"https:\/\/www.multifritid.no\/index.php\/wp-json\/wp\/v2\/comments?post=157"}],"version-history":[{"count":12,"href":"https:\/\/www.multifritid.no\/index.php\/wp-json\/wp\/v2\/pages\/157\/revisions"}],"predecessor-version":[{"id":228,"href":"https:\/\/www.multifritid.no\/index.php\/wp-json\/wp\/v2\/pages\/157\/revisions\/228"}],"up":[{"embeddable":true,"href":"https:\/\/www.multifritid.no\/index.php\/wp-json\/wp\/v2\/pages\/28"}],"wp:attachment":[{"href":"https:\/\/www.multifritid.no\/index.php\/wp-json\/wp\/v2\/media?parent=157"}],"wp:term":[{"taxonomy":"category","embeddable":true,"href":"https:\/\/www.multifritid.no\/index.php\/wp-json\/wp\/v2\/categories?post=157"},{"taxonomy":"post_tag","embeddable":true,"href":"https:\/\/www.multifritid.no\/index.php\/wp-json\/wp\/v2\/tags?post=157"}],"curies":[{"name":"wp","href":"https:\/\/api.w.org\/{rel}","templated":true}]}}